*x - 12. What is the remainder when k is divided by 31?
27
Let x = 231 - 71. What is the remainder when 13 is divided by ((-12)/10)/((-24)/x)?
5
Let w(q) = -q**2 + 4*q + 11. Let u be w(5). Suppose -u + 16 = 5*k. Suppose 2 + 8 = k*f. What is the remainder when 9 is divided by f?
4
Let y(g) = -g**3 + 6*g**2 + 4*g + 11. What is the remainder when 206 is divided by y(6)?
31
Suppose -3*o = -c + 13 + 1, -2*c + 43 = -o. Let z(k) = 11*k**3 - 1. Let v be z(-1). Let u = v - -20. Calculate the remainder when c is divided by u.
7
Let s = 152 + -96. Suppose 0 = 10*t - s - 14. Calculate the remainder when 2/(-7) + (-79)/(-7) is divided by t.
4
Let m(q) = 6*q + 58. Let u be m(-9). What is the remainder when (((-140)/(-25))/7)/(u/230) is divided by 8?
6
Suppose 13*f = 11*f + 6. Suppose -10*z + 13*z - f = 0. Calculate the remainder when z is divided by 1.
0
Suppose -29*m + 9*m = -16740. Calculate the remainder when m is divided by 42.
39
Suppose 0*p - 5*p = 5*n - 45, 6 = 2*p + 5*n. Suppose 3*c + p - 16 = 0. Calculate the remainder when (-47)/(3 + -4)*c is divided by 16.
15
Let h = -156 + 348. Suppose 3*g - h = -g. Calculate the remainder when g is divided by (3*2/6)/((-7)/(-119)).
14
Let t(y) = 2*y**2 - 6*y + 6. Let b be t(8). Suppose 0*d - 3*d + 5*c + 105 = 0, -2*d + b = 2*c. Calculate the remainder when (-430)/d*(1 + -5) is divided by 15.
13
Let y(i) = 2*i**2 + 11*i + 9. Calculate the remainder when 0 + 1*-1 - (-33 - 26) is divided by y(-7).
28
Suppose 90 = h + c, -h - 2*c + 96 = -3*c. Let y = -633 - -657. Calculate the remainder when h is divided by y.
21
Calculate the remainder when 133 is divided by 5*3/45*90.
13
Suppose -8*b = 8*b - 896. What is the remainder when b is divided by 13?
4
Suppose 8*a - 1112 = -0*a. Calculate the remainder when a is divided by 47.
45
Suppose 14*j - 93 - 5 = 0. What is the remainder when 17 - (1 + (-7 - -3) + j) is divided by 2?
1
Let w(s) = s**2 + s + 2. Let q be w(0). What is the remainder when 30 - (-2)/(2/q) is divided by 6?
2
Let r(x) = -x**3 - 6*x**2 - 4*x + 3. Let b be r(-6). Let p = b - 12. Let i = 29 - -30. What is the remainder when i is divided by p?
14
Suppose 22 = 3*x - 20. Calculate the remainder when 1243 is divided by x.
11
Suppose -5*n + n = -56. Suppose m + 788 = 5*m. Suppose 5*q + 0*q - 193 = -k, -m = -5*q + k. Calculate the remainder when q is divided by n.
11
Suppose -31*t = -34*t + 228. Suppose -t = -j - 3*j. What is the remainder when j is divided by 10?
9
Let d = 989 - 976. Calculate the remainder when 204 is divided by d.
9
Suppose 0 = -5*h + h + 416. What is the remainder when h is divided by 41 - (342/304)/(3/16)?
34
Suppose 0 = -0*o + 5*o - 235. Let m = 19 + -9. What is the remainder when o is divided by m?
7
Suppose -5*o + 321 = -2*j + 94, -3*o + 157 = 4*j. Let f(z) = 3*z**2 - 51*z + 25. What is the remainder when o is divided by f(17)?
22
Let c = 20 + 27. Suppose -3*h - 5*i + 36 = 0, 0*h + 4*h - 19 = 3*i. What is the remainder when c is divided by h?
5
Let c = -1614 - -1634. What is the remainder when 338 is divided by c?
18
Let w(g) = -7*g + 13. Let q(y) = -y + 1. Let m(z) = 3*q(z) - w(z). Calculate the remainder when 36 is divided by m(5).
6
Suppose 8*k - 12*k - 40 = 0. What is the remainder when 208/k*45/(-18) is divided by 19?
14
Let n(s) = -16*s - 215. Calculate the remainder when 17 is divided by n(-14).
8
Suppose 6*q - 274 = 2*q - 2*w, 5*q - 325 = w. Suppose -4*z = -4*o + 3*o - 68, -3*z + 5*o + 51 = 0. Calculate the remainder when q is divided by z.
15
Let o = -9 + 15. Suppose 3*k = 4*g - 9, k + 8 = o*k + g. Let j = 7 - k. What is the remainder when 11 is divided by j?
5
Suppose -4*t + 0*t = -m + 2, -4 = m - t. Let g(b) = b**3 + 9*b**2 + 10*b + 2. Suppose -h + 7 + 6 = 0. Calculate the remainder when g(m) is divided by h.
11
Let b = 24 - 0. Suppose 3*g - 2*y = 29, 3*g - b = -5*y + 2*y. Let x = g + -4. Calculate the remainder when 7 is divided by x.
2
Calculate the remainder when 282 is divided by (28/35)/((-6)/(-15)) - -13.
12
Suppose 3*s + 42 = 5*u - 0*s, s + 16 = 2*u. Suppose c + c = u. Suppose 2*b + 9 = -0*b + c*v, 26 = 2*b + 4*v. Calculate the remainder when 8 is divided by b.
2
Let k(g) = 2046 + 3*g - 2056 - 4*g + 3*g. Calculate the remainder when 35 is divided by k(11).
11
Suppose 2*k - c = 279, -k + 0*k + 5*c = -144. Let t(d) = -28*d**3 + d + 1. Calculate the remainder when k is divided by t(-1).
27
Let w(a) = 63*a**3. Let u be w(-1). Let q be -1 + u/(-1 + 4). Let z = q - -33. Calculate the remainder when z is divided by 4.
3
Let c(s) = -s**3 - 15*s**2 - 14*s + 13. Calculate the remainder when 375 is divided by c(-14).
11
Let q(t) = 14*t**2 - 2*t - 2. Let d = -48 - -176. Suppose -7*y + d = -2*y - 2*r, -25 = -y + r. Calculate the remainder when y is divided by q(-1).
12
Let h(u) = -9*u**3 - u**2 - 7*u - 19. What is the remainder when h(-2) is divided by 23?
17
Let d = 8 - 0. Suppose 0 = -u - u - d. Let c(x) = -x + 7. Calculate the remainder when 20 is divided by c(u).
9
Suppose -33 = 26*c - 137. Calculate the remainder when 22 + 5 + 4 + -1 is divided by c.
2
Suppose 47*d = 37*d + 90. What is the remainder when d is divided by 1?
0
Let k(y) = y**3 + 6*y**2 - 113*y + 4. Suppose -5*d = -2*z - 29, d - 4 = -2*z - 3. Calculate the remainder when k(-14) is divided by ((-14)/6)/(z/6).
4
Calculate the remainder when 163 is divided by (-9)/(-3) - 6 - 25/(-1).
9
Suppose -3*u + 4*u = 2. Suppose f = -u*h - 105, -h = -3*f - 230 - 120. Let j = 163 + f. What is the remainder when j is divided by 17?
14
Suppose -d + q + 1 = 0, -q - 1 = -0*q. Suppose 5*y - 155 = -d*y. Calculate the remainder when y is divided by 16.
15
Suppose -25 = 5*m + 4*d, 11 = -4*m - 2*d - 3. Calculate the remainder when (m - -50) + (-1)/1 + -2 is divided by -32*((-2)/(-4) - 1).
14
Suppose z + 7 = 4*g - 0*g, 3*z - 12 = g. Let i be 63/(-28)*(-16)/g. Suppose 0 = r - 15 + i. Calculate the remainder when 8 is divided by r.
2
Let r(n) = -3*n + 2. Let c be r(-11). Let v = c + -25. Calculate the remainder when (-12)/(-3)*(52/16 - -4) is divided by v.
9
Let y = 86 + -11. Suppose 5*a + y = 3*a - s, 3*a + 120 = -3*s. Let m = a + 56. What is the remainder when 40 is divided by m?
19
Suppose -2*o + 108 = 3*g, 4*o = 50 - 38. Suppose 5*y = 3*s - 63, 4*s - 3*y = 106 - 22. What is the remainder when g is divided by s?
13
Suppose 7*c - 5*m = 3*c + 418, 539 = 5*c + 2*m. What is the remainder when c is divided by 18?
17
What is the remainder when 59 is divided by (-33 + 23)*6/(-4)?
14
Let u = 82 + -81. Calculate the remainder when (1/(-2) - u)/((-15)/230) is divided by 6.
5
Calculate the remainder when ((-166)/(-5))/(5/25) is divided by 14.
12
Suppose 7*o - 6*o - 22 = 0. Let m = -19 + o. Suppose m*i - 55 = 158. Calculate the remainder when i is divided by 36.
35
Let a(k) be the second derivative of -5*k**3/2 - 9*k**2/2 - 317*k. Let n = 6 - 11. Calculate the remainder when a(n) is divided by 17.
15
Suppose 0 = 4*j - j - 36. Suppose -5*h = -5*d + 380, -2*d + 66*h - 69*h = -177. What is the remainder when d is divided by j?
9
Let h(c) = -c**3 - 9*c**2 - 9*c + 1. Let d be h(-8). Suppose 0 = -2*v + d + 5. What is the remainder when 532/20 + 2/5 is divided by v?
6
Let k(x) = -11*x. Let j be k(-4). Let s = j - -89. What is the remainder when s is divided by 12/28 + (-705)/(-21)?
31
Suppose 5*y + 1600 = 4*d, 3*d - 920 = 4*y + 361. Let j = -197 - y. Calculate the remainder when j is divided by 33.
28
Calculate the remainder when 36990/390 - 2/(-13) is divided by 4.
3
Suppose -409 = -2*l + 3*t, 2*l = -5*t + 206 + 195. What is the remainder when l is divided by 54?
41
Suppose -2*j + 32*z + 398 = 33*z, 3*j - 587 = z. What is the remainder when j is divided by 8?
5
Let b = -273 - -674. What is the remainder when b is divided by 67?
66
Let j be (3 - 0)*(-1)/3*0. Suppose -i - 5 + 46 = 0. Calculate the remainder when i is divided by 7/((-2)/(-6) + j).
20
Suppose c + 5*u + 3 = 0, 4*u - 7*u = -2*c + 33. Calculate the remainder when 285 is divided by c.
9
Suppose -x - 3*x - 27 = -5*p, -3 = -5*p - 4*x. Suppose p*f - 26 = 1. Calculate the remainder when 44 is divided by (-8)/(-36) + 205/f.
21
What is the remainder when 169 is divided by 327/12 - (-13 + (-539)/(-44))?
1
What is the remainder when -3 - 1 - (76/(-1) + -1) is divided by 26?
21
Suppose 0 = 5*j + 816 - 5